{"id":29,"date":"2026-04-20T10:54:07","date_gmt":"2026-04-20T08:54:07","guid":{"rendered":"https:\/\/blog2.csmac-ngo.org\/?page_id=29"},"modified":"2026-04-20T11:10:15","modified_gmt":"2026-04-20T09:10:15","slug":"location","status":"publish","type":"page","link":"https:\/\/blog2.csmac-ngo.org\/index.php\/location\/","title":{"rendered":"Location"},"content":{"rendered":"\n<p><a href=\"https:\/\/location.velozen.fr\">Location en ligne<\/a><\/p>\n","protected":false},"excerpt":{"rendered":"<p>Location en ligne<\/p>\n","protected":false},"author":1,"featured_media":0,"parent":0,"menu_order":0,"comment_status":"closed","ping_status":"closed","template":"","meta":{"_uag_custom_page_level_css":"","site-sidebar-layout":"default","site-content-layout":"","ast-site-content-layout":"default","site-content-style":"default","site-sidebar-style":"default","ast-global-header-display":"","ast-banner-title-visibility":"","ast-main-header-display":"","ast-hfb-above-header-display":"","ast-hfb-below-header-display":"","ast-hfb-mobile-header-display":"","site-post-title":"","ast-breadcrumbs-content":"","ast-featured-img":"","footer-sml-layout":"","ast-disable-related-posts":"","theme-transparent-header-meta":"","adv-header-id-meta":"","stick-header-meta":"","header-above-stick-meta":"","header-main-stick-meta":"","header-below-stick-meta":"","astra-migrate-meta-layouts":"default","ast-page-background-enabled":"default","ast-page-background-meta":{"desktop":{"background-color":"var(--ast-global-color-5)","background-image":"","background-repeat":"repeat","background-position":"center center","background-size":"auto","background-attachment":"scroll","background-type":"","background-media":"","overlay-type":"","overlay-color":"","overlay-opacity":"","overlay-gradient":""},"tablet":{"background-color":"","background-image":"","background-repeat":"repeat","background-position":"center center","background-size":"auto","background-attachment":"scroll","background-type":"","background-media":"","overlay-type":"","overlay-color":"","overlay-opacity":"","overlay-gradient":""},"mobile":{"background-color":"","background-image":"","background-repeat":"repeat","background-position":"center center","background-size":"auto","background-attachment":"scroll","background-type":"","background-media":"","overlay-type":"","overlay-color":"","overlay-opacity":"","overlay-gradient":""}},"ast-content-background-meta":{"desktop":{"background-color":"var(--ast-global-color-4)","background-image":"","background-repeat":"repeat","background-position":"center center","background-size":"auto","background-attachment":"scroll","background-type":"","background-media":"","overlay-type":"","overlay-color":"","overlay-opacity":"","overlay-gradient":""},"tablet":{"background-color":"var(--ast-global-color-4)","background-image":"","background-repeat":"repeat","background-position":"center center","background-size":"auto","background-attachment":"scroll","background-type":"","background-media":"","overlay-type":"","overlay-color":"","overlay-opacity":"","overlay-gradient":""},"mobile":{"background-color":"var(--ast-global-color-4)","background-image":"","background-repeat":"repeat","background-position":"center center","background-size":"auto","background-attachment":"scroll","background-type":"","background-media":"","overlay-type":"","overlay-color":"","overlay-opacity":"","overlay-gradient":""}},"footnotes":""},"class_list":["post-29","page","type-page","status-publish","hentry"],"yoast_head":"<!-- This site is optimized with the Yoast SEO plugin v27.4 - https:\/\/yoast.com\/product\/yoast-seo-wordpress\/ -->\n<title>Location - V\u00e9lozen<\/title>\n<meta name=\"robots\" content=\"index, follow, max-snippet:-1, max-image-preview:large, max-video-preview:-1\" \/>\n<link rel=\"canonical\" href=\"https:\/\/blog2.csmac-ngo.org\/index.php\/location\/\" \/>\n<meta property=\"og:locale\" content=\"fr_FR\" \/>\n<meta property=\"og:type\" content=\"article\" \/>\n<meta property=\"og:title\" content=\"Location - V\u00e9lozen\" \/>\n<meta property=\"og:description\" content=\"Location en ligne\" \/>\n<meta property=\"og:url\" content=\"https:\/\/blog2.csmac-ngo.org\/index.php\/location\/\" \/>\n<meta property=\"og:site_name\" content=\"V\u00e9lozen\" \/>\n<meta property=\"article:modified_time\" content=\"2026-04-20T09:10:15+00:00\" \/>\n<meta name=\"twitter:card\" content=\"summary_large_image\" \/>\n<meta name=\"twitter:label1\" content=\"Dur\u00e9e de lecture estim\u00e9e\" \/>\n\t<meta name=\"twitter:data1\" content=\"1 minute\" \/>\n<script type=\"application\/ld+json\" class=\"yoast-schema-graph\">{\"@context\":\"https:\\\/\\\/schema.org\",\"@graph\":[{\"@type\":\"WebPage\",\"@id\":\"https:\\\/\\\/blog2.csmac-ngo.org\\\/index.php\\\/location\\\/\",\"url\":\"https:\\\/\\\/blog2.csmac-ngo.org\\\/index.php\\\/location\\\/\",\"name\":\"Location - V\u00e9lozen\",\"isPartOf\":{\"@id\":\"https:\\\/\\\/blog2.csmac-ngo.org\\\/#website\"},\"datePublished\":\"2026-04-20T08:54:07+00:00\",\"dateModified\":\"2026-04-20T09:10:15+00:00\",\"breadcrumb\":{\"@id\":\"https:\\\/\\\/blog2.csmac-ngo.org\\\/index.php\\\/location\\\/#breadcrumb\"},\"inLanguage\":\"fr-FR\",\"potentialAction\":[{\"@type\":\"ReadAction\",\"target\":[\"https:\\\/\\\/blog2.csmac-ngo.org\\\/index.php\\\/location\\\/\"]}]},{\"@type\":\"BreadcrumbList\",\"@id\":\"https:\\\/\\\/blog2.csmac-ngo.org\\\/index.php\\\/location\\\/#breadcrumb\",\"itemListElement\":[{\"@type\":\"ListItem\",\"position\":1,\"name\":\"Accueil\",\"item\":\"https:\\\/\\\/blog2.csmac-ngo.org\\\/\"},{\"@type\":\"ListItem\",\"position\":2,\"name\":\"Location\"}]},{\"@type\":\"WebSite\",\"@id\":\"https:\\\/\\\/blog2.csmac-ngo.org\\\/#website\",\"url\":\"https:\\\/\\\/blog2.csmac-ngo.org\\\/\",\"name\":\"V\u00e9lozen\",\"description\":\"La mobilit\u00e9 douce \u00e0 Laval\",\"publisher\":{\"@id\":\"https:\\\/\\\/blog2.csmac-ngo.org\\\/#organization\"},\"potentialAction\":[{\"@type\":\"SearchAction\",\"target\":{\"@type\":\"EntryPoint\",\"urlTemplate\":\"https:\\\/\\\/blog2.csmac-ngo.org\\\/?s={search_term_string}\"},\"query-input\":{\"@type\":\"PropertyValueSpecification\",\"valueRequired\":true,\"valueName\":\"search_term_string\"}}],\"inLanguage\":\"fr-FR\"},{\"@type\":\"Organization\",\"@id\":\"https:\\\/\\\/blog2.csmac-ngo.org\\\/#organization\",\"name\":\"V\u00e9lozen\",\"url\":\"https:\\\/\\\/blog2.csmac-ngo.org\\\/\",\"logo\":{\"@type\":\"ImageObject\",\"inLanguage\":\"fr-FR\",\"@id\":\"https:\\\/\\\/blog2.csmac-ngo.org\\\/#\\\/schema\\\/logo\\\/image\\\/\",\"url\":\"https:\\\/\\\/blog2.csmac-ngo.org\\\/wp-content\\\/uploads\\\/2026\\\/04\\\/cropped-velo-electrique-vttae-accueil-frais-de-livraison-retour-1-velo-electrique.webp\",\"contentUrl\":\"https:\\\/\\\/blog2.csmac-ngo.org\\\/wp-content\\\/uploads\\\/2026\\\/04\\\/cropped-velo-electrique-vttae-accueil-frais-de-livraison-retour-1-velo-electrique.webp\",\"width\":600,\"height\":600,\"caption\":\"V\u00e9lozen\"},\"image\":{\"@id\":\"https:\\\/\\\/blog2.csmac-ngo.org\\\/#\\\/schema\\\/logo\\\/image\\\/\"}}]}<\/script>\n<!-- \/ Yoast SEO plugin. -->","yoast_head_json":{"title":"Location - V\u00e9lozen","robots":{"index":"index","follow":"follow","max-snippet":"max-snippet:-1","max-image-preview":"max-image-preview:large","max-video-preview":"max-video-preview:-1"},"canonical":"https:\/\/blog2.csmac-ngo.org\/index.php\/location\/","og_locale":"fr_FR","og_type":"article","og_title":"Location - V\u00e9lozen","og_description":"Location en ligne","og_url":"https:\/\/blog2.csmac-ngo.org\/index.php\/location\/","og_site_name":"V\u00e9lozen","article_modified_time":"2026-04-20T09:10:15+00:00","twitter_card":"summary_large_image","twitter_misc":{"Dur\u00e9e de lecture estim\u00e9e":"1 minute"},"schema":{"@context":"https:\/\/schema.org","@graph":[{"@type":"WebPage","@id":"https:\/\/blog2.csmac-ngo.org\/index.php\/location\/","url":"https:\/\/blog2.csmac-ngo.org\/index.php\/location\/","name":"Location - V\u00e9lozen","isPartOf":{"@id":"https:\/\/blog2.csmac-ngo.org\/#website"},"datePublished":"2026-04-20T08:54:07+00:00","dateModified":"2026-04-20T09:10:15+00:00","breadcrumb":{"@id":"https:\/\/blog2.csmac-ngo.org\/index.php\/location\/#breadcrumb"},"inLanguage":"fr-FR","potentialAction":[{"@type":"ReadAction","target":["https:\/\/blog2.csmac-ngo.org\/index.php\/location\/"]}]},{"@type":"BreadcrumbList","@id":"https:\/\/blog2.csmac-ngo.org\/index.php\/location\/#breadcrumb","itemListElement":[{"@type":"ListItem","position":1,"name":"Accueil","item":"https:\/\/blog2.csmac-ngo.org\/"},{"@type":"ListItem","position":2,"name":"Location"}]},{"@type":"WebSite","@id":"https:\/\/blog2.csmac-ngo.org\/#website","url":"https:\/\/blog2.csmac-ngo.org\/","name":"V\u00e9lozen","description":"La mobilit\u00e9 douce \u00e0 Laval","publisher":{"@id":"https:\/\/blog2.csmac-ngo.org\/#organization"},"potentialAction":[{"@type":"SearchAction","target":{"@type":"EntryPoint","urlTemplate":"https:\/\/blog2.csmac-ngo.org\/?s={search_term_string}"},"query-input":{"@type":"PropertyValueSpecification","valueRequired":true,"valueName":"search_term_string"}}],"inLanguage":"fr-FR"},{"@type":"Organization","@id":"https:\/\/blog2.csmac-ngo.org\/#organization","name":"V\u00e9lozen","url":"https:\/\/blog2.csmac-ngo.org\/","logo":{"@type":"ImageObject","inLanguage":"fr-FR","@id":"https:\/\/blog2.csmac-ngo.org\/#\/schema\/logo\/image\/","url":"https:\/\/blog2.csmac-ngo.org\/wp-content\/uploads\/2026\/04\/cropped-velo-electrique-vttae-accueil-frais-de-livraison-retour-1-velo-electrique.webp","contentUrl":"https:\/\/blog2.csmac-ngo.org\/wp-content\/uploads\/2026\/04\/cropped-velo-electrique-vttae-accueil-frais-de-livraison-retour-1-velo-electrique.webp","width":600,"height":600,"caption":"V\u00e9lozen"},"image":{"@id":"https:\/\/blog2.csmac-ngo.org\/#\/schema\/logo\/image\/"}}]}},"uagb_featured_image_src":{"full":false,"thumbnail":false,"medium":false,"medium_large":false,"large":false,"1536x1536":false,"2048x2048":false},"uagb_author_info":{"display_name":"titouan","author_link":"https:\/\/blog2.csmac-ngo.org\/index.php\/author\/titouan\/"},"uagb_comment_info":0,"uagb_excerpt":"Location en ligne","_links":{"self":[{"href":"https:\/\/blog2.csmac-ngo.org\/index.php\/wp-json\/wp\/v2\/pages\/29","targetHints":{"allow":["GET"]}}],"collection":[{"href":"https:\/\/blog2.csmac-ngo.org\/index.php\/wp-json\/wp\/v2\/pages"}],"about":[{"href":"https:\/\/blog2.csmac-ngo.org\/index.php\/wp-json\/wp\/v2\/types\/page"}],"author":[{"embeddable":true,"href":"https:\/\/blog2.csmac-ngo.org\/index.php\/wp-json\/wp\/v2\/users\/1"}],"replies":[{"embeddable":true,"href":"https:\/\/blog2.csmac-ngo.org\/index.php\/wp-json\/wp\/v2\/comments?post=29"}],"version-history":[{"count":2,"href":"https:\/\/blog2.csmac-ngo.org\/index.php\/wp-json\/wp\/v2\/pages\/29\/revisions"}],"predecessor-version":[{"id":49,"href":"https:\/\/blog2.csmac-ngo.org\/index.php\/wp-json\/wp\/v2\/pages\/29\/revisions\/49"}],"wp:attachment":[{"href":"https:\/\/blog2.csmac-ngo.org\/index.php\/wp-json\/wp\/v2\/media?parent=29"}],"curies":[{"name":"wp","href":"https:\/\/api.w.org\/{rel}","templated":true}]}}